{"id":686,"date":"2019-12-06T13:18:37","date_gmt":"2019-12-06T13:18:37","guid":{"rendered":"https:\/\/emlekpont.hu\/?page_id=686"},"modified":"2022-07-07T11:19:46","modified_gmt":"2022-07-07T11:19:46","slug":"tanorak","status":"publish","type":"page","link":"https:\/\/emlekpont.hu\/?page_id=686","title":{"rendered":"Tan\u00f3r\u00e1k"},"content":{"rendered":"<h2>A rendhagy\u00f3 t\u00f6rt\u00e9nelem\u00f3r\u00e1k tematik\u00e1ja\u200b<\/h2>\n<p><strong>1.) A GUL\u00c1G-szigetvil\u00e1g<\/strong><br \/>\nHonv\u00e9dek, levent\u00e9k, munkaszolg\u00e1latosok, deport\u00e1ltak, \u201em\u00e1lenkij robot\u201d a Szovjetuni\u00f3ban. A szovjet l\u00e1gervil\u00e1g kialakul\u00e1sa \u00e9s \u201efejl\u0151d\u00e9se\u201d.<\/p>\n<p><strong>2.) A hagyom\u00e1nyos paraszti<\/strong> <strong>vil\u00e1g sz\u00e9tver\u00e9s\u00e9t\u0151l a Feh\u00e9r G\u00e1rd\u00e1ig<\/strong><br \/>\nA magyar mez\u0151gazdas\u00e1g szovjetiz\u00e1l\u00e1sa. Kul\u00e1kos\u00edt\u00e1s, er\u0151szakos t\u00e9eszes\u00edt\u00e9s, a tanyavil\u00e1g elpuszt\u00edt\u00e1sa. Antikommunista mozgalmak V\u00e1s\u00e1rhely t\u00e9rs\u00e9g\u00e9ben.<\/p>\n<p><strong>3.) Az 1956-os forradalom \u00e9s szabads\u00e1gharc<\/strong><br \/>\nDi\u00e1kgy\u0171l\u00e9sek Szeged \u00e9s V\u00e1s\u00e1rhelyen mint a forradalom el\u0151zm\u00e9nyei. A forradalom \u00e9s a szabads\u00e1gharc t\u00f6rt\u00e9nete, a k\u00e1d\u00e1ri megtorl\u00e1s.<br \/>\nA R\u00e1kosi-korszak munk\u00e1spolitik\u00e1ja. Jegyrendszer \u00e9s a magyar sztahanovist\u00e1k. A K\u00e1d\u00e1r-rendszer munk\u00e1soszt\u00e1lya a \u201emennybe megy\u201d? Brig\u00e1dmozgalom \u00e9s VGMK.<\/p>\n<p><strong>4.) \u00c9let a K\u00e1d\u00e1r-rendszerben \u2013 Munka \u00e9s mindennapok<\/strong><br \/>\nAz 1956-os forradalmat k\u00f6vet\u0151 megtorl\u00e1s. A \u201epuha diktat\u00fara\u201d mindennapjai (mozgalmi \u00e9let, sz\u00f3rakoz\u00e1si lehet\u0151s\u00e9gek, zenei vil\u00e1g, telev\u00edzi\u00f3z\u00e1s, rekl\u00e1mok).<\/p>\n<p><strong>5.) Rock a tan\u00f3ra k\u00f6r\u00fcl \u2013 avagy \u201e\u00edgy mulat a b\u00edtes magyar \u00far\u201d<\/strong><br \/>\nA rock and roll sz\u00fclet\u00e9s\u00e9t\u0151l a \u201970-es \u00e9vek elej\u00e9ig, Chubby Checkert\u0151l az Omeg\u00e1ig. Sok-sok zene \u00e9s videoklip, sztorik a zenekarokr\u00f3l.<\/p>\n<p><strong>6.) \u201eAgyamban kopasz cenzor \u00fcl\u201d \u2013 rockt\u00f6rt\u00e9net 2.<\/strong><br \/>\nA diszk\u00f3 zen\u00e9t\u0151l az \u00fajhull\u00e1mig \u00e9s a vil\u00e1gzen\u00e9ig (Boney M-t\u0151l Loreena Mckennet-ig). A K\u00e1d\u00e1r-korszak l\u00e1zad\u00f3 rock egy\u00fctteseit\u0151l a \u201erendszerv\u00e1lt\u00f3 rockerek\u201d-ig.<\/p>\n<p><strong>7.) A hidegh\u00e1bor\u00fa t\u00f6rt\u00e9nete (1946-1989)<\/strong><br \/>\nSok nemzetk\u00f6zi fesz\u00fclts\u00e9ggel j\u00e1r\u00f3 korszak, melyet a k\u00e9t szuperhatalom, az Amerikai Egyes\u00fclt \u00c1llamok \u00e9s a Szovjetuni\u00f3 k\u00f6z\u00f6tti folytonos rivaliz\u00e1l\u00e1s jellemzett. A hidegh\u00e1bor\u00fa a m\u00e1sodik vil\u00e1gh\u00e1bor\u00fa k\u00e9t nyertes nagyhatalm\u00e1nak ideol\u00f3giai, kultur\u00e1lis, gazdas\u00e1gi, politikai \u00f6sszecsap\u00e1s\u00e1b\u00f3l \u00e1llt.<\/p>\n","protected":false},"excerpt":{"rendered":"<p>A rendhagy\u00f3 t\u00f6rt\u00e9nelem\u00f3r\u00e1k tematik\u00e1ja\u200b 1.) A GUL\u00c1G-szigetvil\u00e1g Honv\u00e9dek, levent\u00e9k, munkaszolg\u00e1latosok, deport\u00e1ltak, \u201em\u00e1lenkij robot\u201d a Szovjetuni\u00f3ban. A szovjet l\u00e1gervil\u00e1g kialakul\u00e1sa \u00e9s \u201efejl\u0151d\u00e9se\u201d. 2.) A hagyom\u00e1nyos paraszti vil\u00e1g sz\u00e9tver\u00e9s\u00e9t\u0151l a Feh\u00e9r G\u00e1rd\u00e1ig A magyar mez\u0151gazdas\u00e1g szovjetiz\u00e1l\u00e1sa. Kul\u00e1kos\u00edt\u00e1s, er\u0151szakos t\u00e9eszes\u00edt\u00e9s, a tanyavil\u00e1g elpuszt\u00edt\u00e1sa. Antikommunista mozgalmak V\u00e1s\u00e1rhely t\u00e9rs\u00e9g\u00e9ben. 3.) Az 1956-os forradalom \u00e9s szabads\u00e1gharc Di\u00e1kgy\u0171l\u00e9sek Szeged \u00e9s V\u00e1s\u00e1rhelyen mint [&hellip;]<\/p>\n","protected":false},"author":5,"featured_media":0,"parent":0,"menu_order":0,"comment_status":"closed","ping_status":"closed","template":"elementor_header_footer","meta":{"footnotes":""},"_links":{"self":[{"href":"https:\/\/emlekpont.hu\/index.php?rest_route=\/wp\/v2\/pages\/686"}],"collection":[{"href":"https:\/\/emlekpont.hu\/index.php?rest_route=\/wp\/v2\/pages"}],"about":[{"href":"https:\/\/emlekpont.hu\/index.php?rest_route=\/wp\/v2\/types\/page"}],"author":[{"embeddable":true,"href":"https:\/\/emlekpont.hu\/index.php?rest_route=\/wp\/v2\/users\/5"}],"replies":[{"embeddable":true,"href":"https:\/\/emlekpont.hu\/index.php?rest_route=%2Fwp%2Fv2%2Fcomments&post=686"}],"version-history":[{"count":7,"href":"https:\/\/emlekpont.hu\/index.php?rest_route=\/wp\/v2\/pages\/686\/revisions"}],"predecessor-version":[{"id":7744,"href":"https:\/\/emlekpont.hu\/index.php?rest_route=\/wp\/v2\/pages\/686\/revisions\/7744"}],"wp:attachment":[{"href":"https:\/\/emlekpont.hu\/index.php?rest_route=%2Fwp%2Fv2%2Fmedia&parent=686"}],"curies":[{"name":"wp","href":"https:\/\/api.w.org\/{rel}","templated":true}]}}