{"id":1478,"date":"2019-12-15T19:37:33","date_gmt":"2019-12-15T19:37:33","guid":{"rendered":"https:\/\/emlekpont.hu\/?page_id=1478"},"modified":"2020-07-02T10:18:29","modified_gmt":"2020-07-02T10:18:29","slug":"idoszaki-kiallitas-2","status":"publish","type":"page","link":"https:\/\/emlekpont.hu\/?page_id=1478","title":{"rendered":"Id\u0151szaki ki\u00e1ll\u00edt\u00e1s"},"content":{"rendered":"\t\t<div data-elementor-type=\"wp-page\" data-elementor-id=\"1478\" class=\"elementor elementor-1478\" data-elementor-post-type=\"page\">\n\t\t\t\t\t\t<section class=\"elementor-section elementor-top-section elementor-element elementor-element-6e2973e elementor-section-boxed elementor-section-height-default elementor-section-height-default\" data-id=\"6e2973e\" data-element_type=\"section\">\n\t\t\t\t\t\t<div class=\"elementor-container elementor-column-gap-default\">\n\t\t\t\t\t<div class=\"elementor-column elementor-col-100 elementor-top-column elementor-element elementor-element-5978cf4\" data-id=\"5978cf4\" data-element_type=\"column\">\n\t\t\t<div class=\"elementor-widget-wrap elementor-element-populated\">\n\t\t\t\t\t\t<div class=\"elementor-element elementor-element-3a851b8 elementor-widget elementor-widget-heading\" data-id=\"3a851b8\" data-element_type=\"widget\" data-widget_type=\"heading.default\">\n\t\t\t\t<div class=\"elementor-widget-container\">\n\t\t\t<h2 class=\"elementor-heading-title elementor-size-default\">Id\u0151szaki ki\u00e1ll\u00edt\u00e1s<\/h2>\t\t<\/div>\n\t\t\t\t<\/div>\n\t\t\t\t\t<\/div>\n\t\t<\/div>\n\t\t\t\t\t<\/div>\n\t\t<\/section>\n\t\t\t\t<section class=\"elementor-section elementor-top-section elementor-element elementor-element-5616d2c elementor-section-boxed elementor-section-height-default elementor-section-height-default\" data-id=\"5616d2c\" data-element_type=\"section\">\n\t\t\t\t\t\t<div class=\"elementor-container elementor-column-gap-default\">\n\t\t\t\t\t<div class=\"elementor-column elementor-col-100 elementor-top-column elementor-element elementor-element-afca5f4\" data-id=\"afca5f4\" data-element_type=\"column\">\n\t\t\t<div class=\"elementor-widget-wrap elementor-element-populated\">\n\t\t\t\t\t\t<div class=\"elementor-element elementor-element-1339590 elementor-widget-divider--view-line elementor-widget elementor-widget-divider\" data-id=\"1339590\" data-element_type=\"widget\" data-widget_type=\"divider.default\">\n\t\t\t\t<div class=\"elementor-widget-container\">\n\t\t\t\t\t<div class=\"elementor-divider\">\n\t\t\t<span class=\"elementor-divider-separator\">\n\t\t\t\t\t\t<\/span>\n\t\t<\/div>\n\t\t\t\t<\/div>\n\t\t\t\t<\/div>\n\t\t\t\t\t<\/div>\n\t\t<\/div>\n\t\t\t\t\t<\/div>\n\t\t<\/section>\n\t\t\t\t<section class=\"elementor-section elementor-top-section elementor-element elementor-element-44248da elementor-section-boxed elementor-section-height-default elementor-section-height-default\" data-id=\"44248da\" data-element_type=\"section\">\n\t\t\t\t\t\t<div class=\"elementor-container elementor-column-gap-default\">\n\t\t\t\t\t<div class=\"elementor-column elementor-col-100 elementor-top-column elementor-element elementor-element-8ef3210\" data-id=\"8ef3210\" data-element_type=\"column\">\n\t\t\t<div class=\"elementor-widget-wrap elementor-element-populated\">\n\t\t\t\t\t\t<div class=\"elementor-element elementor-element-340d65f elementor-position-top elementor-widget elementor-widget-image-box\" data-id=\"340d65f\" data-element_type=\"widget\" data-widget_type=\"image-box.default\">\n\t\t\t\t<div class=\"elementor-widget-container\">\n\t\t\t<div class=\"elementor-image-box-wrapper\"><figure class=\"elementor-image-box-img\"><a href=\"http:\/\/emlekpont.hu\/?p=4458\" tabindex=\"-1\"><img fetchpriority=\"high\" decoding=\"async\" width=\"2560\" height=\"1536\" src=\"https:\/\/emlekpont.hu\/wp-content\/uploads\/2020\/07\/Bor\u00edto-aktual_1-scaled.jpg\" class=\"attachment-full size-full wp-image-6997\" alt=\"\" srcset=\"https:\/\/emlekpont.hu\/wp-content\/uploads\/2020\/07\/Bor\u00edto-aktual_1-scaled.jpg 2560w, https:\/\/emlekpont.hu\/wp-content\/uploads\/2020\/07\/Bor\u00edto-aktual_1-300x180.jpg 300w, https:\/\/emlekpont.hu\/wp-content\/uploads\/2020\/07\/Bor\u00edto-aktual_1-1024x614.jpg 1024w, https:\/\/emlekpont.hu\/wp-content\/uploads\/2020\/07\/Bor\u00edto-aktual_1-768x461.jpg 768w, https:\/\/emlekpont.hu\/wp-content\/uploads\/2020\/07\/Bor\u00edto-aktual_1-1536x921.jpg 1536w, https:\/\/emlekpont.hu\/wp-content\/uploads\/2020\/07\/Bor\u00edto-aktual_1-2048x1229.jpg 2048w, https:\/\/emlekpont.hu\/wp-content\/uploads\/2020\/07\/Bor\u00edto-aktual_1-830x498.jpg 830w, https:\/\/emlekpont.hu\/wp-content\/uploads\/2020\/07\/Bor\u00edto-aktual_1-230x138.jpg 230w, https:\/\/emlekpont.hu\/wp-content\/uploads\/2020\/07\/Bor\u00edto-aktual_1-350x210.jpg 350w, https:\/\/emlekpont.hu\/wp-content\/uploads\/2020\/07\/Bor\u00edto-aktual_1-480x288.jpg 480w\" sizes=\"(max-width: 2560px) 100vw, 2560px\" \/><\/a><\/figure><div class=\"elementor-image-box-content\"><h3 class=\"elementor-image-box-title\"><a href=\"http:\/\/emlekpont.hu\/?p=4458\">D\u00f6m\u00f6t\u00f6r Mih\u00e1ly: Metamorf\u00f3zis<\/a><\/h3><p class=\"elementor-image-box-description\">2020. m\u00e1rcius 10. \u2013 szeptember 15..\n<br><br>\n\n\n<\/p><\/div><\/div>\t\t<\/div>\n\t\t\t\t<\/div>\n\t\t\t\t\t<\/div>\n\t\t<\/div>\n\t\t\t\t\t<\/div>\n\t\t<\/section>\n\t\t\t\t<\/div>\n\t\t","protected":false},"excerpt":{"rendered":"<p>Id\u0151szaki ki\u00e1ll\u00edt\u00e1s D\u00f6m\u00f6t\u00f6r Mih\u00e1ly: Metamorf\u00f3zis 2020. m\u00e1rcius 10. \u2013 szeptember 15..<\/p>\n","protected":false},"author":5,"featured_media":0,"parent":658,"menu_order":0,"comment_status":"closed","ping_status":"closed","template":"elementor_header_footer","meta":{"footnotes":""},"_links":{"self":[{"href":"https:\/\/emlekpont.hu\/index.php?rest_route=\/wp\/v2\/pages\/1478"}],"collection":[{"href":"https:\/\/emlekpont.hu\/index.php?rest_route=\/wp\/v2\/pages"}],"about":[{"href":"https:\/\/emlekpont.hu\/index.php?rest_route=\/wp\/v2\/types\/page"}],"author":[{"embeddable":true,"href":"https:\/\/emlekpont.hu\/index.php?rest_route=\/wp\/v2\/users\/5"}],"replies":[{"embeddable":true,"href":"https:\/\/emlekpont.hu\/index.php?rest_route=%2Fwp%2Fv2%2Fcomments&post=1478"}],"version-history":[{"count":11,"href":"https:\/\/emlekpont.hu\/index.php?rest_route=\/wp\/v2\/pages\/1478\/revisions"}],"predecessor-version":[{"id":7010,"href":"https:\/\/emlekpont.hu\/index.php?rest_route=\/wp\/v2\/pages\/1478\/revisions\/7010"}],"up":[{"embeddable":true,"href":"https:\/\/emlekpont.hu\/index.php?rest_route=\/wp\/v2\/pages\/658"}],"wp:attachment":[{"href":"https:\/\/emlekpont.hu\/index.php?rest_route=%2Fwp%2Fv2%2Fmedia&parent=1478"}],"curies":[{"name":"wp","href":"https:\/\/api.w.org\/{rel}","templated":true}]}}